is the remainder when b is divided by i?
17
Let k(s) = -s**2 - 6*s + 6. Suppose 0 = -3*d + 18*d - 45. Calculate the remainder when k(-6) is divided by d.
0
Suppose 2 = 5*r - 13. Calculate the remainder when 4 is divided by r.
1
Suppose 2*h + 330 = 4*b + 4*h, -b - 3*h = -70. What is the remainder when b is divided by (2 - 0/(-3)) + 20?
19
Suppose -2*j = -j - 4. Calculate the remainder when 21 is divided by j.
1
Let z(r) = r**2 + 20*r + 11. Calculate the remainder when 18 is divided by z(-20).
7
Let h(y) = y**3 + 5*y**2 - 4*y + 14. Let b be h(-6). Suppose 2*f - 28 - 11 = i, 4*i + b = f. Calculate the remainder when f is divided by -9*((-4)/6 - 0).
4
What is the remainder when 16 is divided by (14/(-4))/((-1)/2)?
2
Let i = 32 + -29. Calculate the remainder when 17 is divided by i.
2
Suppose 5*t + 75 - 495 = 0. What is the remainder when t is divided by 30?
24
What is the remainder when 45 is divided by 16/(4/(7 + -3))?
13
Suppose -81 + 16 = -5*y. What is the remainder when 24 is divided by y?
11
Suppose 0 = 5*u + 2*j - 164 - 68, -2*u + j = -91. Suppose 0 = 3*h - 2*v - u, -5*h - v + 109 = 15. Calculate the remainder when h is divided by 10.
8
Let d be -1*1 - (-1 - 1). Suppose 2*u + d = -5*z + 10, u = -4*z + 6. Let b(q) = 3*q**3 - q**2 - 1. Calculate the remainder when 36 is divided by b(u).
17
Calculate the remainder when 76 is divided by (39/(-12))/(2/(-8)).
11
Suppose -5*w + 256 = -w. Calculate the remainder when w is divided by 13.
12
Suppose 1 = -2*z + 5. Let v = z + -3. Let i(k) = -8*k - 1. Calculate the remainder when i(v) is divided by 3.
1
Suppose 3*x + q = -x + 33, 0 = -4*x + 2*q + 30. What is the remainder when x is divided by 2?
0
What is the remainder when 92 is divided by (-23 - 1)*(-13)/13?
20
Suppose 2*h - 53 = 7. Let l = -111 + 249. Calculate the remainder when h is divided by (-4)/(-6) - l/(-9).
14
Suppose 5*x + 2*q = 3 - 2, -2*x = -5*q - 12. Let v = 9 + x. Suppose 0*k = 5*k - 20. What is the remainder when v is divided by k?
2
Let i be 0/3 + 0 - -3. Suppose 15 + 27 = i*r. What is the remainder when 40 is divided by r?
12
Suppose 120 = 6*v - v. Suppose 0 = q - v + 11. Calculate the remainder when 49 is divided by q.
10
Let r(w) be the first derivative of w**3 + w**2/2 - 3*w + 5. Calculate the remainder when r(-6) is divided by 25.
24
Suppose 8*q - 110 = 3*q. Let h(v) = 4*v**2 + 5*v - 2. What is the remainder when h(-4) is divided by q?
20
Let j(y) be the first derivative of 3/2*y**2 - 7*y - 3. What is the remainder when j(6) is divided by 6?
5
Suppose -k + 5 = -5. Let b = k + 28. Calculate the remainder when b is divided by 13.
12
Let o(u) = u**3 + 8*u**2 - 5*u + 5. Let d be o(-9). Let l = -9 - d. Calculate the remainder when l is divided by 6.
4
Let m = 13 - 9. Suppose 0*n = -m*n + 16. What is the remainder when 7 is divided by n?
3
Suppose -5*o - 41 = -3*h, 0 = -3*h - 2*o + 32 + 23. Calculate the remainder when h is divided by 14.
3
Let j(l) = -l + 11. Let s be j(9). Suppose 0 = -s*m - 3*m + 350. Calculate the remainder when m is divided by (-6 - 2)*(-2 - 1).
22
Calculate the remainder when 17 is divided by -3*(-7)/3 + -4.
2
Suppose -2 + 7 = -5*j. Let o = j - -16. What is the remainder when (-58)/(-2) + -1 - 0 is divided by o?
13
Suppose 4*b - 3*r = -6*r + 47, 2*b - 6 = 2*r. Calculate the remainder when 46 is divided by b.
6
Let f(s) = -4*s**3 - 4*s**2 - 2*s + 2. Calculate the remainder when 63 is divided by f(-2).
19
Let q = 9 - -7. Calculate the remainder when q is divided by 5.
1
Suppose -14 = k + 5*v, -4*k = -3*k + v - 2. Let q = k - 1. Calculate the remainder when q is divided by (-7)/(-14)*(3 + 1).
1
Let r = -3 - -3. Suppose 2*p + 5*h = 7 + 60, p + 4*h - 29 = r. Let v = p - 21. Calculate the remainder when 38 is divided by v.
18
Let j(c) = c**2 + 13*c + 21. Let b(l) = -l**3 + 4*l**2 + 7*l + 2. Calculate the remainder when j(-14) is divided by b(5).
11
Suppose 0 = -5*u - 0*u. Suppose -8 = -u*j - j. What is the remainder when 19 is divided by j?
3
Suppose -7*u + 300 = -64. What is the remainder when u is divided by 14?
10
Let m = -4 - 1. What is the remainder when ((-294)/(-35))/((-2)/m) is divided by 11?
10
Suppose 37 - 12 = 5*h. Let g(r) = 2*r**2 - 1. Let f be g(1). What is the remainder when -2*f/2*-17 is divided by h?
2
Suppose 0 = -3*d - 2*n + 21 + 1, -n = -2*d + 17. Suppose 2*g - d = -2*b, b + 11 = -0*g + 2*g. Calculate the remainder when g is divided by 4.
1
Let j be 2 + (3 + -2)/1. Let o(l) = 4*l**2 - 3*l - 8. Let r(w) = 3*w**2 - 3*w - 7. Let q(d) = 5*o(d) - 6*r(d). What is the remainder when q(j) is divided by 16?
13
Suppose -73 = -5*w - 23. Suppose 5*p - w = 0, -s - p = -5*p - 5. Calculate the remainder when ((-30)/(-5))/(1/4) is divided by s.
11
Let n(o) = -3*o - 2 + o**3 - 2 + 3*o - 3*o. Calculate the remainder when (28 - 0/2) + -1 is divided by n(3).
13
Let r be 0*(-1)/3 + 2. Suppose k + 31 = r*k. Suppose -2*a + 3*f = -2*f + 9, k = 2*a + 3*f. What is the remainder when a is divided by 3?
2
Suppose -8 = 2*d - 6*d. What is the remainder when 7 is divided by d?
1
Let u = -5 + 8. Suppose -3*v + 8 + 28 = -3*w, 2*v + u*w - 34 = 0. What is the remainder when (-2*4 + -2)*-4 is divided by v?
12
Let q = 6 - -5. Suppose -4*b + 7*b - 9 = 0. Suppose b*l + 9 = 105. What is the remainder when l is divided by q?
10
Suppose 2*w + 5*n = -w + 42, -3*n = 5*w - 70. Suppose -6*x = -4*x - 52. What is the remainder when x is divided by (2 + 2)*w/4?
12
Let r(l) = 20*l + 8. Let k(t) = -10*t - 4. Let w(d) = -5*k(d) - 2*r(d). What is the remainder when w(4) is divided by 15?
14
Let v be (-18)/(-4) + 2/4. Suppose -41 + 16 = -v*o. Let t(p) = -3*p - 1. Calculate the remainder when t(-5) is divided by o.
4
What is the remainder when (-349)/(-4) + (-8)/32 is divided by 23?
18
Let f(s) be the second derivative of -s**5/20 + s**4/2 + s**3/3 - s**2 - s. Let c(t) = -27*t + 1. What is the remainder when c(-1) is divided by f(6)?
8
Let h(a) = -7*a + 3. Let n(d) = 4*d**2 - d - 1. Suppose 4*w + 8 = 2*p, 0*w + 13 = 4*p - 5*w. Calculate the remainder when h(-3) is divided by n(p).
11
Suppose 3*x + 60 = 6*x. What is the remainder when (-134)/(-5) + 4/x is divided by 7?
6
Suppose 0 = -4*l - 4, -2*g + 2*l + 38 = 4*l. What is the remainder when 38 is divided by g?
18
Let w(d) = -2*d**3 - 2*d**2 + d - 1. Calculate the remainder when (-19)/(-6)*24/4 is divided by w(-2).
4
Let a(x) = -x**3 - 11*x**2 + 5*x - 17. Calculate the remainder when a(-12) is divided by 35.
32
Suppose 0*m - m + 9 = 3*b, 4*m - 9 = -3*b. Let z = 6 + m. What is the remainder when 37 is divided by z*2/(-4) - -13?
7
Let m = 14 + -3. Suppose m*d = 6*d + 50. What is the remainder when 39 is divided by d?
9
Suppose -2*w - 5 = -w. Let g = 0 - w. Suppose 21 = g*n - 34. What is the remainder when 21 is divided by n?
10
What is the remainder when (-2)/5*(-40)/1 is divided by 9?
7
Suppose -v + 5*w = -29, 0*v + 2*w = -2*v + 22. Let b(a) = -13*a + 2. What is the remainder when b(-4) is divided by v?
12
Let z(x) = -6*x - 182. Suppose -2*y + m + 100 = 0, y + 4*y + 2*m - 232 = 0. What is the remainder when y is divided by z(-32)?
8
Suppose 0 = -3*c - 3 - 3. Let a = -7 - c. Let j = a - -17. What is the remainder when j is divided by 7?
5
Suppose 3*h = -h + 48. Let z = -17 + h. Calculate the remainder when 23 is divided by 3/(((-15)/12)/z).
11
Let t(n) be the third derivative of n**4/24 - 3*n**3/2 - n**2. Let o be t(7). Let v = o + 5. What is the remainder when 8 is divided by v?
2
Let h(p) = -p - 1. Let j(o) = o + 9. What is the remainder when h(-3) is divided by j(-7)?
0
Let w(g) = -g**2 - 17*g - 18. What is the remainder when 95 is divided by w(-14)?
23
Suppose -14*o + 13*o = -33. Calculate the remainder when o is divided by 9.
6
Suppose -5*y + 5*f + 115 = 0, -y = 3*f + 7 - 18. Let n = 3 - -8. Calculate the remainder when y is divided by n.
9
Let t = 10 + -17. Let o be (34/(-6))/((-1)/3). Let j = o + t. Calculate the remainder when 28 is divided by j.
8
Let v(d) = -3*d + 17. Calculate the remainder when 83 is divided by v(0).
15
Let g(c) = -c + 82. Let a(m) = 6*m**2 + 2*m. What is the remainder when g(23) is divided by a(-2)?
19
Calculate the remainder when 1 - 3/((-6)/172) is divided by 22.
21
Suppose d + 12 = 2*d - 5*p, -5*d = -4*p + 3. Let j be 0 + 2 + (-9)/d. Suppose -j*v + 17 = -23. Calculate t